*d = 5*l - 4, 5*l - 5*d - 10 = 0. Let b be l - (-1)/(-2)*-12. Let o = b - 5. What is v(o)?
14
Let w(d) be the second derivative of 9*d**5/20 - d**4/12 - d**3/6 - 921*d. Let i be (-4)/((-8)/(-6)) + 2. Determine w(i).
-9
Let i(s) = -s - 1 + s**2 - 3 + 0*s. Suppose -c + f = 7, 13*c = 19*c - 2*f + 2. Calculate i(c).
2
Let y = -121 - -71. Let x = -45 - y. Let f(r) = -4 - r - x - 2. What is f(-7)?
-4
Let p(s) = -4*s**2 + 19*s - 5. Suppose -3*t + 17*h - 18*h + 18 = 0, -2*t - h + 14 = 0. Calculate p(t).
7
Let o(w) be the first derivative of 103 - 5/3*w**3 - 1/4*w**4 + 4*w**2 + 3*w. Give o(-6).
-9
Let s = 10003 + -10035. Let l(b) = b**3 + 33*b**2 + 35*b + 104. Calculate l(s).
8
Let b(c) be the third derivative of c**4/8 + c**3/6 + 2208*c**2. Let s be (-36)/27*(-6)/16*6. Calculate b(s).
10
Let n(u) = 4*u + 41. Suppose -y - 12*y + 406 = 484. Give n(y).
17
Let f(x) = -20*x + 35*x**2 - 9*x**2 - 28*x**2 - 2. Calculate f(-10).
-2
Let p(l) = 4*l**2 + 43*l - 148. Let a be p(3). Let t(x) = -x + 6. Determine t(a).
-11
Let b(q) = q**2 - q - 2. Let r = -198 + 195. Let l be (-64)/16 + 20/2 + r. Calculate b(l).
4
Let o(c) = 3*c - 7*c + 444 - 876 + 344. Determine o(-29).
28
Let a(x) be the first derivative of 3/2*x**2 + 238 - 4*x. Determine a(-3).
-13
Suppose -g + 3*m = 12, 0 = 89*m - 91*m + 8. Let k(f) be the third derivative of f**5/60 - f**4/24 + 4*f**3/3 + 8*f**2. What is k(g)?
8
Let t(o) = o**2 - 14*o + 42. Let x be t(10). Let m(y) = y + 6. Let l(v) = -2*v - 9. Let g(z) = x*l(z) + 3*m(z). Calculate g(-3).
3
Let j be ((-36)/(-16) - 1)/((-20)/80). Let g(u) = -u**2 - 6*u + 7. What is g(j)?
12
Suppose -8*g + 4401 - 4457 = 0. Let i(v) = v**3 + 8*v**2 + 2*v - 16. Calculate i(g).
19
Let j(y) = y**3 + 18*y**2 + 17*y - 237. Let r be j(-16). Let f(u) be the second derivative of -1/6*u**r + 0 + 15*u + 11/2*u**2. Determine f(8).
3
Suppose -4 = 4*h - 44. Suppose 4*z + h = 34. Let b = -5 + z. Let k(f) = -f**3 + f**2 + f - 1. Calculate k(b).
0
Let b(x) = x**2 - 97*x - 598. Let g be b(103). Let k(p) = -2*p**3 + 39*p**2 + 22*p - 33. What is k(g)?
7
Let x(i) = -8*i + 5. Let c(s) = 3*s - 2. Suppose -3*b + 1 = -5. Let v be b + -3 + 24/3. Let l(m) = v*c(m) + 3*x(m). Calculate l(2).
-5
Let b(y) = -y + 5. Let s be -5 + (-2 - -8) + (-2 - -423). Let t = 412 - s. Determine b(t).
15
Suppose -3*j - 7 = -35*m + 33*m, 4*m - 3*j - 41 = 0. Let q(x) = -x**2 + 2*x + 248. Calculate q(m).
-7
Let o(w) = 11*w + 9. Let h(g) = 27*g - 42*g + 28*g + 10. Let p(d) = -3*h(d) + 4*o(d). What is p(6)?
36
Let v(n) be the second derivative of 1/60*n**5 - n**3 + 4*n**2 + 0 + 18*n - 3/8*n**4. Let x(k) be the first derivative of v(k). Give x(10).
4
Let u(s) = -3*s**2 - s - 25. Let i(v) = -2*v**2 + v - 2. Let d(f) = i(f) - u(f). Determine d(0).
23
Let g(b) = b**3 + b**2 + 2*b. Suppose -3*a + 177 + 33 = 0. Let p = a + -90. Let u = 18 + p. Give g(u).
-8
Let x(i) = i**2 - i + 1. Let p(l) = -2*l**2 - l + 1. Let n(r) = p(r) + 4*x(r). Suppose 4*t + 4 = 0, -5*t + 4 = 2*a + a. Suppose 5*o - 8 = a*o. Determine n(o).
17
Let u(h) be the second derivative of 66*h + 2 + 4/3*h**3 - 1/6*h**4 - 4*h**2. What is u(6)?
-32
Let t(a) be the third derivative of -a**4/12 - 37*a**3/6 - 755*a**2 + a - 2. Give t(-15).
-7
Let w(j) be the third derivative of -j**6/120 + j**5/20 + j**4/24 + j**3/3 - j**2. Suppose 10 = 4*v - 2*o, -1179*o + 1182*o = 4*v - 9. Determine w(v).
5
Let z(h) = -2*h**3 - 3*h**2 - 3*h. Suppose -15 = -2*p - 159. Let w be 2/(((-3)/(-28))/(p/64)). Let g = 19 + w. Calculate z(g).
10
Let b(q) = -q**3 + 5*q**2 + 8*q + 3. Let x be (-5 - (-87)/18) + (-1330)/12. Let s = 117 + x. Suppose 0 = -6*l - s*l + 72. What is b(l)?
15
Let w be 2/(2*3/18). Let b(l) = -l**2 - 3*l + 18. Let j(d) = d**2 + 2*d - 17. Let h(s) = w*j(s) + 5*b(s). Determine h(5).
-2
Let k(g) = 4*g**3 + 4*g**2 - 4*g - 4. Suppose 47 - 39 = 4*m, z + 5*m = 8. Determine k(z).
-12
Let d(u) = -2*u - 2. Let o(y) = 14*y + 21. Let c(x) = 6*d(x) + o(x). Let m = 0 + -12. Let r be 54/m + (-6)/4. Calculate c(r).
-3
Let g(j) be the second derivative of -21*j**5/20 + j**4/6 - j**3/6 - 1692*j. Suppose 4*h - 8*h = -4. What is g(h)?
-20
Let h(n) = -n**3 + 5*n**2 - 4*n + 5. Let t = -233 + 249. Suppose -9 = 3*y, 2*f = 3*f - 4*y - t. Give h(f).
5
Let b(l) = l**2 - 11*l + 4. Let j be b(10). Let d(s) = -21711*s**2 + 5*s + 284 + 21707*s**2 - 144 - s**3 - 144. Give d(j).
38
Let o(m) = -13*m**3 - 3. Let j(c) = 27*c - 245. Let x be j(9). Calculate o(x).
101
Suppose -4*l = 27 - 39. Suppose -3*d = -3*z, 5*z - l = d + 1. Let b(c) = z + c - 15*c + 5*c + 10*c. Calculate b(-3).
-2
Let g(i) = 0*i**2 + 5 - 3*i**2 - 3. Let h = -3 - -7. Suppose -5*t + 2*z + 14 = 0, -h + 2 = 4*t + 5*z. Determine g(t).
-10
Let d(k) = k**2 - 7*k + 4. Let s(b) = -b**2 + 10*b - 15. Suppose -115 = -6*n - 73. Let t be s(n). Calculate d(t).
-2
Let v(r) = -5*r**2 - 4*r + 3. Suppose -41 = 2*u - 43*u. What is v(u)?
-6
Let h(m) = -m - 8. Let w(o) = -5*o - 26. Let c = 36 - 43. Let x be w(c). What is h(x)?
-17
Suppose 3*j - 3*h = -36, 123*j - 15 = 128*j + 4*h. Let v(s) be the third derivative of s**4/24 + 2*s**3/3 - s**2. What is v(j)?
-3
Let r = 9 - 18. Let a = 4 + r. Let z(v) = -92*v**3 - 8*v**2 + 17*v - 6. Let l(b) = 147*b**3 + 12*b**2 - 26*b + 9. Let s(h) = 5*l(h) + 8*z(h). Give s(a).
-8
Let h(w) = -10*w**3 - 137*w**2 + 63*w - 68. Let p(g) = -6*g**3 - 73*g**2 + 33*g - 33. Let s(r) = -4*h(r) + 7*p(r). What is s(18)?
-13
Let l(a) = -91*a + 723. Let y be l(8). Let n(o) = -o**3 + 2*o**2 + 10*o + 2. Determine n(y).
127
Let d(m) = 8*m + 110. Let y be 95*21/105 + -34. What is d(y)?
-10
Let m = -14307 + 14352. Let t(s) = -4*s**3 + 180*s**2 - s + 45. Calculate t(m).
0
Let z(g) be the first derivative of -2*g**2 + 1 + 1/3*g**3 + 0*g. Let m(j) = -5*j - 49. Let l be m(-11). Calculate z(l).
12
Let r(k) = 6*k + 18. Let o(z) = 11*z**2 + 339*z - 66. Let l be o(-31). Give r(l).
-6
Let u(s) be the third derivative of s**6/180 - s**5/30 + 33*s**4/8 + 67*s**2 - 1. Let h(b) be the second derivative of u(b). Determine h(5).
16
Let c be 3/(-3)*(-1 - 1). Let o(v) = -5 + 3 + v**2 - 5*v + c. Suppose 0 = -19*d + 300 - 167. Give o(d).
14
Let w(p) be the first derivative of p**2 - 3*p - 2. Let y(n) = 14*n + 38. Let f(a) = -a - 1. Let v(g) = 5*f(g) + y(g). Let k be v(-3). Calculate w(k).
9
Let h = -1112 - -1114. Let x(m) = m**3 - m**2 + 4. Calculate x(h).
8
Let d(u) be the second derivative of -38*u - 1/6*u**3 + 0 + 0*u**2. Suppose 3*n + 14 = 17. Give d(n).
-1
Let n(q) = -19*q**2 + 4*q. Let z(t) = 19*t**2 + t + 6. Let c(r) = -38*r**2 - 3*r - 13. Let w(h) = 6*c(h) + 13*z(h). Let a(i) = -4*n(i) - 3*w(i). Determine a(1).
18
Let b(d) = -d**3 + 13*d**2 + 11*d - 32. Suppose k = -6*s + 82, -286*s = -281*s - 5*k - 80. What is b(s)?
-74
Let r = -8382 + 8367. Let z(p) = -p**2 - 17*p - 27. Give z(r).
3
Let w = 190/31 - 4529/744. Let o(g) be the third derivative of -25*g**2 + 0*g**3 + 0*g**5 + 0 + 0*g + 3/40*g**6 - w*g**4. Give o(-1).
-8
Let h be 62/682 + 1/4 + (-1086)/88. Let l(s) = s**3 + 14*s**2 + 18*s. What is l(h)?
72
Let q(a) be the second derivative of a**5/20 - a**4 + a**3/3 - 19*a**2/2 + 35*a - 1. Suppose 20 = 2*r + 2*j, -25*j + 30*j = -2*r + 14. Calculate q(r).
5
Let w(c) = c**3 + 16*c**2 + c + 12. Let r(n) = 3*n**3 + 44*n**2 + 3*n + 35. Let y(v) = -3*r(v) + 8*w(v). Give y(-3).
-15
Let v be 4*(1/(-4))/(1/(-2)). Suppose -v*d + 11 = -3*j, -2*d + 1 = 5*j + 30. Let m(s) = 3*s**2 - 18*s**2 + 13*s**2. Determine m(d).
-8
Let l(c) be the second derivative of c**5/40 - c**4/4 - c**3/3 + 30*c**2 - 76*c. Let v(w) be the second derivative of l(w). What is v(6)?
12
Let p = -59 + 53. Let u be (-4)/p*(3 - 0). Suppose 0 = u*g - 46 + 38. Let l(m) = 2*m + 5. Give l(g).
13
Let g = -14845 + 14841. Let j(d) = d**3 + 4*d**2 - 6*d - 2. Calculate j(g).
22
Let m(z) = -4*z**2 + 3*z - 2. Suppose -5*q + 14*l - 11*l = -847, -5*q + 823 = 3*l. Suppose 0 = -q*r + 168*r - 2. Give m(r).
-12
Let j(a) = -a - 4. Let c(q) be the first derivative of 2*q**3/3 + 49*q**2/2 + 93*q + 236. Let i be c(-2). Give j(i).
-7
Suppose -29 = 4*x - 0*l + 3*l, -2*l - 6 = x. Suppose -w = 4 - 0, 5*w = -3*b + 1. Let i(o) = o - 3 - b + 16. Give i(x).
-2
Let m(r) be the second derivative of r**4/6 + 4*r**3/3 + 5*r**2/2 - 43*r + 3. Give m(-3).
-1
Let s(m) = -2*m**3 + 2*m**3 + 34*m**2 + m**3 + 100 - 40 + 4*m - 2*m. De